{"id":39,"date":"2023-09-11T14:07:49","date_gmt":"2023-09-11T12:07:49","guid":{"rendered":"https:\/\/protestants-ostwald.fr\/?page_id=39"},"modified":"2023-12-20T09:56:29","modified_gmt":"2023-12-20T08:56:29","slug":"jardin-biblique","status":"publish","type":"page","link":"https:\/\/protestants-ostwald.fr\/index.php\/jeunesse\/jardin-biblique\/","title":{"rendered":"Groupe parents\/enfants"},"content":{"rendered":"\n<p>Ce n&rsquo;est pas tous les jours facile d&rsquo;\u00eatre parent\u202f! Nous voulons ce qui est le mieux pour nos enfants, nous voulons leur assurer un bien \u00eatre physique, mental, psychologique, spirituel,\u202f\u2026 mais nous sommes souvent noy\u00e9\u00b7e\u00b7s dans les informations que nous recevons. Et nous n&rsquo;avons pas toujours de lieu ou rencontrer d&rsquo;autres parents de notre g\u00e9n\u00e9ration pour partager nos doutes, nos solutions, nos \u00e9checs, nos victoires, nos questions\u2026<\/p>\n\n\n\n<p>Ce n&rsquo;est pas forc\u00e9ment plus facile d&rsquo;\u00eatre enfant\u202f! Ils et elles d\u00e9couvrent le monde, et sont plein de questions, auxquelles nous ne savons pas toujours r\u00e9pondre. Ils et elles se retrouvent \u00e0 l&rsquo;\u00e9cole, o\u00f9 ils et elles apprennent beaucoup de choses, mais o\u00f9 ils et elles ont peu d&rsquo;espace pour poser des questions qui ne seraient pas au programme.<\/p>\n\n\n\n<p>Le groupe parents\/enfants de la paroisse protestante d&rsquo;Ostwald a \u00e9t\u00e9 cr\u00e9\u00e9 pour r\u00e9soudre ces probl\u00e8mes. \u00c0 la fois dirig\u00e9 vers les parents pour qu&rsquo;ils et elles puissent se retrouver et \u00e9changer sans jugement ni pression, et vers les enfants pour qu&rsquo;elles et ils puissent d\u00e9couvrir leurs propres r\u00e9ponses aux grandes questions qu&rsquo;elles et ils se posent sur la vie et la mort, le bien et le mal, et leur place dans un monde bien compliqu\u00e9.<\/p>\n\n\n\n<p>Si vous voulez en apprendre plus sur le groupe parents\/enfants de la paroisse protestante d&rsquo;Ostwald, vous pouvez rejoindre notre groupe What&rsquo;s\u202fApp. C&rsquo;est sans engagement\u202f! Si vous lisez cette page depuis un smartphone, cliquez sur <a href=\"https:\/\/chat.whatsapp.com\/FAre2HN4ifH7h1hhB3KBBL\" data-type=\"link\" data-id=\"https:\/\/chat.whatsapp.com\/FAre2HN4ifH7h1hhB3KBBL\">ce lien<\/a>, si vous la lisez depuis un ordinateur, vous pouvez flasher le QR-code ci-dessous (essayez simplement de le prendre en photo, un lien devrait appara\u00eetre) :<\/p>\n\n\n<div class=\"wp-block-image\">\n<figure class=\"aligncenter size-full\"><img loading=\"lazy\" decoding=\"async\" width=\"391\" height=\"389\" src=\"https:\/\/protestants-ostwald.fr\/wp-content\/uploads\/2023\/12\/whatsappenfants.png\" alt=\"\" class=\"wp-image-190\" srcset=\"https:\/\/protestants-ostwald.fr\/wp-content\/uploads\/2023\/12\/whatsappenfants.png 391w, https:\/\/protestants-ostwald.fr\/wp-content\/uploads\/2023\/12\/whatsappenfants-300x298.png 300w, https:\/\/protestants-ostwald.fr\/wp-content\/uploads\/2023\/12\/whatsappenfants-150x150.png 150w, https:\/\/protestants-ostwald.fr\/wp-content\/uploads\/2023\/12\/whatsappenfants-100x100.png 100w\" sizes=\"auto, (max-width: 391px) 100vw, 391px\" \/><\/figure>\n<\/div>\n\n\n<p>Si vous n&rsquo;y parvenez pas (ou si vous n&rsquo;avez pas What&rsquo;s\u202fApp), vous pouvez aussi <a href=\"https:\/\/protestants-ostwald.fr\/index.php\/contact\/\" data-type=\"page\" data-id=\"28\">nous contacter par mail ou t\u00e9l\u00e9phone<\/a>.<\/p>\n","protected":false},"excerpt":{"rendered":"<p>Ce n&rsquo;est pas tous les jours facile d&rsquo;\u00eatre parent\u202f! Nous voulons ce qui est le mieux pour nos enfants, nous voulons leur assurer un bien \u00eatre physique, mental, psychologique, spirituel,\u202f\u2026 mais nous sommes souvent noy\u00e9\u00b7e\u00b7s dans les informations que nous recevons. Et nous n&rsquo;avons pas toujours de lieu ou rencontrer d&rsquo;autres parents de notre g\u00e9n\u00e9ration &hellip; <\/p>\n<p class=\"link-more\"><a href=\"https:\/\/protestants-ostwald.fr\/index.php\/jeunesse\/jardin-biblique\/\" class=\"more-link\">Continuer la lecture<span class=\"screen-reader-text\"> de &laquo;&nbsp;Groupe parents\/enfants&nbsp;&raquo;<\/span><\/a><\/p>\n","protected":false},"author":1,"featured_media":0,"parent":36,"menu_order":1,"comment_status":"closed","ping_status":"closed","template":"","meta":{"footnotes":""},"class_list":["post-39","page","type-page","status-publish","hentry"],"_links":{"self":[{"href":"https:\/\/protestants-ostwald.fr\/index.php\/wp-json\/wp\/v2\/pages\/39","targetHints":{"allow":["GET"]}}],"collection":[{"href":"https:\/\/protestants-ostwald.fr\/index.php\/wp-json\/wp\/v2\/pages"}],"about":[{"href":"https:\/\/protestants-ostwald.fr\/index.php\/wp-json\/wp\/v2\/types\/page"}],"author":[{"embeddable":true,"href":"https:\/\/protestants-ostwald.fr\/index.php\/wp-json\/wp\/v2\/users\/1"}],"replies":[{"embeddable":true,"href":"https:\/\/protestants-ostwald.fr\/index.php\/wp-json\/wp\/v2\/comments?post=39"}],"version-history":[{"count":3,"href":"https:\/\/protestants-ostwald.fr\/index.php\/wp-json\/wp\/v2\/pages\/39\/revisions"}],"predecessor-version":[{"id":193,"href":"https:\/\/protestants-ostwald.fr\/index.php\/wp-json\/wp\/v2\/pages\/39\/revisions\/193"}],"up":[{"embeddable":true,"href":"https:\/\/protestants-ostwald.fr\/index.php\/wp-json\/wp\/v2\/pages\/36"}],"wp:attachment":[{"href":"https:\/\/protestants-ostwald.fr\/index.php\/wp-json\/wp\/v2\/media?parent=39"}],"curies":[{"name":"wp","href":"https:\/\/api.w.org\/{rel}","templated":true}]}}