{"id":36,"date":"2023-09-11T14:06:14","date_gmt":"2023-09-11T12:06:14","guid":{"rendered":"https:\/\/protestants-ostwald.fr\/?page_id=36"},"modified":"2023-12-19T14:49:18","modified_gmt":"2023-12-19T13:49:18","slug":"jeunesse","status":"publish","type":"page","link":"https:\/\/protestants-ostwald.fr\/index.php\/jeunesse\/","title":{"rendered":"Jeunesse"},"content":{"rendered":"\n<p>Nous, chr\u00e9tiennes et chr\u00e9tiens, <a href=\"https:\/\/protestants-ostwald.fr\/index.php\/que-croyons-nous\/\" data-type=\"page\" data-id=\"55\">croyons<\/a> que l&rsquo;\u00eatre humain est plus qu&rsquo;une formidable machine biologique. Certes, nous sommes un corps, mais nous sommes aussi quelque chose d&rsquo;autre, qu&rsquo;\u00e0 d\u00e9faut d&rsquo;un meilleurs mot nous appelons \u00ab\u202fesprit\u202f\u00bb. Or, notre esprit, comme notre corps, a besoin d&rsquo;\u00eatre nourri et prot\u00e9g\u00e9\u202f: c&rsquo;est le bien \u00eatre spirituel\u202f!<\/p>\n\n\n\n<p>La paroisse protestante d&rsquo;Ostwald et le consistoire de l&rsquo;Elsau proposent ainsi aux enfants et aux jeunes des activit\u00e9s vari\u00e9es pour les aider \u00e0 trouver leur propre voie, sans sectarisme ni endoctrinement, pour entamer puis poursuivre leur aventure spirituelle en communaut\u00e9\u202f:<\/p>\n\n\n\n<ul class=\"wp-block-list\">\n<li>Un <a href=\"https:\/\/protestants-ostwald.fr\/index.php\/jeunesse\/jardin-biblique\/\" data-type=\"page\" data-id=\"39\">groupe parents\/enfants<\/a>, une fois par mois, pour les enfants (de la naissance \u00e0 la douzi\u00e8me ann\u00e9e) et pour leurs parents !<\/li>\n\n\n\n<li>Le <a href=\"https:\/\/protestants-ostwald.fr\/index.php\/jeunesse\/catechisme-dadolescent-e-s\/\" data-type=\"page\" data-id=\"42\">cat\u00e9chisme<\/a>, un samedi sur deux \u00e0 10h, \u00e0 partir de la douzi\u00e8me ann\u00e9e, en commun avec les paroisses de l&rsquo;Elsau, de Montagne-Verte et de Lingolsheim (\u00e0 Lingolsheim), pour pr\u00e9parer \u00e0 la <a href=\"https:\/\/www.uepal.fr\/temps-forts-dune-vie\/la-confirmation\/\">confirmation<\/a>.<\/li>\n\n\n\n<li>Un <a href=\"https:\/\/protestants-ostwald.fr\/index.php\/jeunesse\/groupe-de-jeunes\/\" data-type=\"page\" data-id=\"44\">groupe de jeunes<\/a>, pour continuer ensemble \u00e0 vivre des moments forts au service des autres et du Christ.<\/li>\n<\/ul>\n","protected":false},"excerpt":{"rendered":"<p>Nous, chr\u00e9tiennes et chr\u00e9tiens, croyons que l&rsquo;\u00eatre humain est plus qu&rsquo;une formidable machine biologique. Certes, nous sommes un corps, mais nous sommes aussi quelque chose d&rsquo;autre, qu&rsquo;\u00e0 d\u00e9faut d&rsquo;un meilleurs mot nous appelons \u00ab\u202fesprit\u202f\u00bb. Or, notre esprit, comme notre corps, a besoin d&rsquo;\u00eatre nourri et prot\u00e9g\u00e9\u202f: c&rsquo;est le bien \u00eatre spirituel\u202f! La paroisse protestante d&rsquo;Ostwald &hellip; <\/p>\n<p class=\"link-more\"><a href=\"https:\/\/protestants-ostwald.fr\/index.php\/jeunesse\/\" class=\"more-link\">Continuer la lecture<span class=\"screen-reader-text\"> de &laquo;&nbsp;Jeunesse&nbsp;&raquo;<\/span><\/a><\/p>\n","protected":false},"author":1,"featured_media":89,"parent":0,"menu_order":0,"comment_status":"closed","ping_status":"closed","template":"","meta":{"footnotes":""},"class_list":["post-36","page","type-page","status-publish","has-post-thumbnail","hentry"],"_links":{"self":[{"href":"https:\/\/protestants-ostwald.fr\/index.php\/wp-json\/wp\/v2\/pages\/36","targetHints":{"allow":["GET"]}}],"collection":[{"href":"https:\/\/protestants-ostwald.fr\/index.php\/wp-json\/wp\/v2\/pages"}],"about":[{"href":"https:\/\/protestants-ostwald.fr\/index.php\/wp-json\/wp\/v2\/types\/page"}],"author":[{"embeddable":true,"href":"https:\/\/protestants-ostwald.fr\/index.php\/wp-json\/wp\/v2\/users\/1"}],"replies":[{"embeddable":true,"href":"https:\/\/protestants-ostwald.fr\/index.php\/wp-json\/wp\/v2\/comments?post=36"}],"version-history":[{"count":7,"href":"https:\/\/protestants-ostwald.fr\/index.php\/wp-json\/wp\/v2\/pages\/36\/revisions"}],"predecessor-version":[{"id":192,"href":"https:\/\/protestants-ostwald.fr\/index.php\/wp-json\/wp\/v2\/pages\/36\/revisions\/192"}],"wp:featuredmedia":[{"embeddable":true,"href":"https:\/\/protestants-ostwald.fr\/index.php\/wp-json\/wp\/v2\/media\/89"}],"wp:attachment":[{"href":"https:\/\/protestants-ostwald.fr\/index.php\/wp-json\/wp\/v2\/media?parent=36"}],"curies":[{"name":"wp","href":"https:\/\/api.w.org\/{rel}","templated":true}]}}

<p>Nous, chrétiennes et chrétiens, <a href="https://protestants-ostwald.fr/index.php/que-croyons-nous/" data-type="page" data-id="55">croyons</a> que l&rsquo;être humain est plus qu&rsquo;une formidable machine biologique. Certes, nous sommes un corps, mais nous sommes aussi quelque chose d&rsquo;autre, qu&rsquo;à défaut d&rsquo;un meilleurs mot nous appelons « esprit ». Or, notre esprit, comme notre corps, a besoin d&rsquo;être nourri et protégé : c&rsquo;est le bien être spirituel !</p>



<p>La paroisse protestante d&rsquo;Ostwald et le consistoire de l&rsquo;Elsau proposent ainsi aux enfants et aux jeunes des activités variées pour les aider à trouver leur propre voie, sans sectarisme ni endoctrinement, pour entamer puis poursuivre leur aventure spirituelle en communauté :</p>



<ul class="wp-block-list">
<li>Un <a href="https://protestants-ostwald.fr/index.php/jeunesse/jardin-biblique/" data-type="page" data-id="39">groupe parents/enfants</a>, une fois par mois, pour les enfants (de la naissance à la douzième année) et pour leurs parents !</li>



<li>Le <a href="https://protestants-ostwald.fr/index.php/jeunesse/catechisme-dadolescent-e-s/" data-type="page" data-id="42">catéchisme</a>, un samedi sur deux à 10h, à partir de la douzième année, en commun avec les paroisses de l&rsquo;Elsau, de Montagne-Verte et de Lingolsheim (à Lingolsheim), pour préparer à la <a href="https://www.uepal.fr/temps-forts-dune-vie/la-confirmation/">confirmation</a>.</li>



<li>Un <a href="https://protestants-ostwald.fr/index.php/jeunesse/groupe-de-jeunes/" data-type="page" data-id="44">groupe de jeunes</a>, pour continuer ensemble à vivre des moments forts au service des autres et du Christ.</li>
</ul>

<p>Nous, chrétiennes et chrétiens, croyons que l&rsquo;être humain est plus qu&rsquo;une formidable machine biologique. Certes, nous sommes un corps, mais nous sommes aussi quelque chose d&rsquo;autre, qu&rsquo;à défaut d&rsquo;un meilleurs mot nous appelons « esprit ». Or, notre esprit, comme notre corps, a besoin d&rsquo;être nourri et protégé : c&rsquo;est le bien être spirituel ! La paroisse protestante d&rsquo;Ostwald &hellip; </p>
<p class="link-more"><a href="https://protestants-ostwald.fr/index.php/jeunesse/" class="more-link">Continuer la lecture<span class="screen-reader-text"> de &laquo;&nbsp;Jeunesse&nbsp;&raquo;</span></a></p>
