{"id":34,"date":"2023-09-11T14:05:33","date_gmt":"2023-09-11T12:05:33","guid":{"rendered":"https:\/\/protestants-ostwald.fr\/?page_id=34"},"modified":"2023-10-13T14:35:44","modified_gmt":"2023-10-13T12:35:44","slug":"bapteme","status":"publish","type":"page","link":"https:\/\/protestants-ostwald.fr\/index.php\/bapteme\/","title":{"rendered":"Bapt\u00eame"},"content":{"rendered":"\n<p>Vous souhaitez faire baptiser votre enfant ? Ou vous vous interrogez sur votre propre rapport \u00e0 Dieu ? Venez en parler avec nous !<\/p>\n\n\n\n<p>Notre \u00c9glise <a href=\"https:\/\/protestants-ostwald.fr\/index.php\/que-croyons-nous\/\" data-type=\"page\" data-id=\"55\">croit<\/a> que le bapt\u00eame est un cadeau fait par Dieu aux \u00eatres humains. Il est le symbole de l&rsquo;amour inconditionnel de Dieu envers tous les \u00eatres humains, quels que soient leur pass\u00e9, leur histoire.<\/p>\n\n\n\n<p>Puisqu&rsquo;il n&rsquo;y a rien \u00e0 faire pour m\u00e9riter l&rsquo;amour de Dieu, puisque l&rsquo;amour de Dieu pour l&rsquo;\u00eatre humain pr\u00e9c\u00e8de toujours l&rsquo;amour de l&rsquo;\u00eatre humain pour Dieu, les \u00c9glises protestantes d&rsquo;Alsace-Lorraine promeuvent le bapt\u00eame des enfants. Mais rien n&rsquo;interdit \u00e9videmment \u00e0 un\u00b7e adolescent\u00b7e ou un\u00b7e adulte de se faire baptiser\u202f!<\/p>\n\n\n\n<p>Pour en apprendre plus, vous pouvez t\u00e9l\u00e9charger <a href=\"https:\/\/www.uepal.fr\/wp-content\/uploads\/2019\/01\/160523-CQNC-Bapteme-WEB.pdf\" data-type=\"link\" data-id=\"https:\/\/www.uepal.fr\/wp-content\/uploads\/2019\/01\/160523-CQNC-Bapteme-WEB.pdf\">ce d\u00e9pliant<\/a>.<\/p>\n\n\n\n<h2 class=\"wp-block-heading\">Bapt\u00eame d&rsquo;enfant<\/h2>\n\n\n\n<p>Jeune parent, vous souhaitez marquer l&rsquo;arriv\u00e9e dans le monde de votre enfant ? Accueillir dans votre famille des proches autour de votre enfant\u202f? Int\u00e9grer votre enfant dans l&rsquo;histoire de votre famille ? Vous vous interrogez sur la pertinence de ce choix aujourd&rsquo;hui ?<\/p>\n\n\n\n<p>Alors discutez du bapt\u00eame de votre enfant avec notre pasteur\u202f!<\/p>\n\n\n\n<p>Comment cela se passe-t-il ?<\/p>\n\n\n\n<ol class=\"wp-block-list\">\n<li>Prenez <a href=\"https:\/\/protestants-ostwald.fr\/index.php\/contact\/\" data-type=\"page\" data-id=\"28\">contact<\/a> avec notre pasteur, de pr\u00e9f\u00e9rence au moins 3 mois avant la date pr\u00e9vue.<\/li>\n\n\n\n<li>Choisissez parrain(s) et marraine(s) pr\u00eates et pr\u00eats \u00e0 s&rsquo;engager aupr\u00e8s de votre enfant.<\/li>\n\n\n\n<li>Vous aurez deux entretiens sur le sens du bapt\u00eame et pr\u00e9parerez ensemble le culte, une fois sans les parrain(s) et marraine(s), une fois avec elles et eux.<\/li>\n\n\n\n<li>Vivez le culte en famille \u00e0 l\u2019\u00e9glise et n\u2019h\u00e9sitez pas \u00e0 revenir avec votre enfant !<\/li>\n<\/ol>\n\n\n\n<h2 class=\"wp-block-heading\">Bapt\u00eame d&rsquo;adolescent<\/h2>\n\n\n\n<p>Vous ou votre enfant avez entre 12 et 18 ans, et souhaitez demander le bapt\u00eame pour lui, elle ou vous-m\u00eame\u202f? Dans ce cas, le plus simple et de vous associer au groupe des cat\u00e9chum\u00e8nes ; apr\u00e8s deux ans de cat\u00e9chisme sp\u00e9cialement pens\u00e9 pour les jeunes, vous serez baptis\u00e9\u00b7e ou votre enfant le sera si vous le souhaitez\/il ou elle le souhaite toujours en m\u00eame temps que les autres jeunes seront confirm\u00e9s. Pour en savoir plus sur le cat\u00e9chisme des adolescents et adolescentes, <a href=\"https:\/\/protestants-ostwald.fr\/index.php\/jeunesse\/catechisme-dadolescent-e-s\/\" data-type=\"page\" data-id=\"42\">cliquez ici<\/a>.<\/p>\n\n\n\n<p>Si vous \u00eates mineur\u00b7e, l&rsquo;accord de vos parents sera n\u00e9cessaire.<\/p>\n\n\n\n<h2 class=\"wp-block-heading\">Bapt\u00eame d&rsquo;adulte<\/h2>\n\n\n\n<p>Adulte non-baptis\u00e9, vous vous interrogez sur la foi chr\u00e9tienne ? Ou alors vous avez d\u00e9j\u00e0 rencontr\u00e9 J\u00e9sus-Christ, et souhaitez entrer dans la grande famille de Dieu ?<\/p>\n\n\n\n<p>Que vous soyez d\u00e9j\u00e0 convaincu\u00b7e ou encore plein\u00b7e de questions, n&rsquo;h\u00e9sitez pas \u00e0 <a href=\"https:\/\/protestants-ostwald.fr\/index.php\/contact\/\" data-type=\"page\" data-id=\"28\">prendre contact avec notre pasteur<\/a> pour faire vos premiers pas sur la route qui pourrait conduire \u00e0 votre bapt\u00eame. Notre paroisse propose un cat\u00e9chisme pour adulte \u00e0 la demande qui vous laisse toute libert\u00e9 pour demander, ou non, le bapt\u00eame une fois que vous aurez mieux compris ce que cela signifie.<\/p>\n\n\n\n<p>Si vous avez \u00e9t\u00e9 baptis\u00e9\u00b7e enfant mais souhaitez n\u00e9anmoins (re)d\u00e9couvrir la foi chr\u00e9tienne protestante, ou renouveler vos engagement dans l&rsquo;\u00c9glise pour le Christ et votre prochain, vous pouvez aussi tout \u00e0 fait demander \u00e0 participer \u00e0 un cat\u00e9chisme pour adulte. Cela peut aussi se conclure par un culte d&rsquo;action de gr\u00e2ce et d&rsquo;engagement. Cependant, notre \u00c9glise ne rebaptise pas : rien de ce qu&rsquo;un humain peut faire peut s\u00e9parer les baptis\u00e9\u00b7e\u00b7s de l&rsquo;amour de Dieu manifest\u00e9 lors du bapt\u00eame, il n&rsquo;y en a donc qu&rsquo;un seul au cours d&rsquo;une vie chr\u00e9tienne, quels que soient les changements de voie, et y compris si le bapt\u00eame a \u00e9t\u00e9 c\u00e9l\u00e9br\u00e9 dans une autre \u00c9glise (catholique, \u00e9vang\u00e9lique,\u202f\u2026).<\/p>\n","protected":false},"excerpt":{"rendered":"<p>Vous souhaitez faire baptiser votre enfant ? Ou vous vous interrogez sur votre propre rapport \u00e0 Dieu ? Venez en parler avec nous ! Notre \u00c9glise croit que le bapt\u00eame est un cadeau fait par Dieu aux \u00eatres humains. Il est le symbole de l&rsquo;amour inconditionnel de Dieu envers tous les \u00eatres humains, quels que &hellip; <\/p>\n<p class=\"link-more\"><a href=\"https:\/\/protestants-ostwald.fr\/index.php\/bapteme\/\" class=\"more-link\">Continuer la lecture<span class=\"screen-reader-text\"> de &laquo;&nbsp;Bapt\u00eame&nbsp;&raquo;<\/span><\/a><\/p>\n","protected":false},"author":1,"featured_media":0,"parent":0,"menu_order":1,"comment_status":"closed","ping_status":"closed","template":"","meta":{"footnotes":""},"class_list":["post-34","page","type-page","status-publish","hentry"],"_links":{"self":[{"href":"https:\/\/protestants-ostwald.fr\/index.php\/wp-json\/wp\/v2\/pages\/34","targetHints":{"allow":["GET"]}}],"collection":[{"href":"https:\/\/protestants-ostwald.fr\/index.php\/wp-json\/wp\/v2\/pages"}],"about":[{"href":"https:\/\/protestants-ostwald.fr\/index.php\/wp-json\/wp\/v2\/types\/page"}],"author":[{"embeddable":true,"href":"https:\/\/protestants-ostwald.fr\/index.php\/wp-json\/wp\/v2\/users\/1"}],"replies":[{"embeddable":true,"href":"https:\/\/protestants-ostwald.fr\/index.php\/wp-json\/wp\/v2\/comments?post=34"}],"version-history":[{"count":4,"href":"https:\/\/protestants-ostwald.fr\/index.php\/wp-json\/wp\/v2\/pages\/34\/revisions"}],"predecessor-version":[{"id":132,"href":"https:\/\/protestants-ostwald.fr\/index.php\/wp-json\/wp\/v2\/pages\/34\/revisions\/132"}],"wp:attachment":[{"href":"https:\/\/protestants-ostwald.fr\/index.php\/wp-json\/wp\/v2\/media?parent=34"}],"curies":[{"name":"wp","href":"https:\/\/api.w.org\/{rel}","templated":true}]}}