{"id":276,"date":"2024-05-13T10:35:10","date_gmt":"2024-05-13T08:35:10","guid":{"rendered":"https:\/\/protestants-ostwald.fr\/?page_id=276"},"modified":"2024-05-13T16:03:41","modified_gmt":"2024-05-13T14:03:41","slug":"liens","status":"publish","type":"page","link":"https:\/\/protestants-ostwald.fr\/index.php\/liens\/","title":{"rendered":"Liens"},"content":{"rendered":"\n<h2 class=\"wp-block-heading\">Le protestantisme \u00e0 Strasbourg-sud<\/h2>\n\n\n\n<ul class=\"wp-block-list\">\n<li>Union des \u00c9glises protestantes d\u2019Alsace et de Lorraine : <a href=\"http:\/\/uepal.fr\" data-type=\"link\" data-id=\"uepal.fr\">uepal.fr<\/a><\/li>\n\n\n\n<li>Paroisse protestante de Lingolsheim : <a href=\"https:\/\/www.protestantslingo.com\/\">protestantslingo.com<\/a><\/li>\n\n\n\n<li>Paroisse protestante de l\u2019Elsau (Facebook) : <a href=\"https:\/\/www.facebook.com\/paroisseelsau\/\">facebook.com\/paroisseelsau\/<\/a><\/li>\n\n\n\n<li>Conseil protestant de Strasbourg : <a href=\"https:\/\/www.protestants-strasbourg.fr\/\">protestants-strasbourg.fr<\/a><\/li>\n<\/ul>\n\n\n\n<h2 class=\"wp-block-heading\">Ostwald<\/h2>\n\n\n\n<ul class=\"wp-block-list\">\n<li>Mairie d\u2019Ostwald : <a href=\"https:\/\/www.ville-ostwald.fr\/\">ville-ostwald.fr<\/a><\/li>\n\n\n\n<li>Paroisse catholique d\u2019Ostwald : <a href=\"https:\/\/www.eglise-ostwald-elsau-montagneverte.fr\/\" data-type=\"link\" data-id=\"https:\/\/www.eglise-ostwald-elsau-montagneverte.fr\/\">eglise-ostwald-elsau-montagneverte.fr<\/a><\/li>\n<\/ul>\n\n\n\n<h2 class=\"wp-block-heading\">Liens protestants<\/h2>\n\n\n\n<ul class=\"wp-block-list\">\n<li>F\u00e9d\u00e9ration protestante de France : <a href=\"https:\/\/protestants.org\">protestants.org<\/a><\/li>\n\n\n\n<li>\u00c9glise protestante unie de France : <a href=\"https:\/\/epudf.org\/\">epudf.org<\/a><\/li>\n\n\n\n<li><em>R\u00e9forme<\/em>, hebdomadaire protestant d\u2019actualit\u00e9 : <a href=\"https:\/\/www.reforme.net\">reforme.net<\/a><\/li>\n\n\n\n<li><em>Le Nouveau Messager<\/em>, magazine protestant r\u00e9gional : <a href=\"https:\/\/www.lenouveaumessager.fr\/\">lenouveaumessager.fr<\/a><\/li>\n\n\n\n<li><em>Regards protestants<\/em>, webzine protestant : <a href=\"https:\/\/regardsprotestants.com\/\">regardsprotestants.com<\/a><\/li>\n\n\n\n<li>Ligue chr\u00e9tienne esp\u00e9rantiste internationale (KELI) : <a href=\"http:\/\/keli.chez.com\/keli_fr.htm\">keli.chez.com<\/a><\/li>\n\n\n\n<li>D\u00c9FAP, le service missionnaire des \u00c9glises protestantes fran\u00e7aises : <a href=\"https:\/\/www.defap.fr\/\">defap.fr<\/a><\/li>\n\n\n\n<li>Centrale de litt\u00e9rature chr\u00e9tienne francophone (CLCF) : <a href=\"https:\/\/servirparleslivres.com\/\">servirparleslivres.com<\/a><\/li>\n<\/ul>\n","protected":false},"excerpt":{"rendered":"<p>Le protestantisme \u00e0 Strasbourg-sud Ostwald Liens protestants<\/p>\n","protected":false},"author":2,"featured_media":0,"parent":0,"menu_order":0,"comment_status":"closed","ping_status":"closed","template":"","meta":{"footnotes":""},"class_list":["post-276","page","type-page","status-publish","hentry"],"_links":{"self":[{"href":"https:\/\/protestants-ostwald.fr\/index.php\/wp-json\/wp\/v2\/pages\/276","targetHints":{"allow":["GET"]}}],"collection":[{"href":"https:\/\/protestants-ostwald.fr\/index.php\/wp-json\/wp\/v2\/pages"}],"about":[{"href":"https:\/\/protestants-ostwald.fr\/index.php\/wp-json\/wp\/v2\/types\/page"}],"author":[{"embeddable":true,"href":"https:\/\/protestants-ostwald.fr\/index.php\/wp-json\/wp\/v2\/users\/2"}],"replies":[{"embeddable":true,"href":"https:\/\/protestants-ostwald.fr\/index.php\/wp-json\/wp\/v2\/comments?post=276"}],"version-history":[{"count":7,"href":"https:\/\/protestants-ostwald.fr\/index.php\/wp-json\/wp\/v2\/pages\/276\/revisions"}],"predecessor-version":[{"id":286,"href":"https:\/\/protestants-ostwald.fr\/index.php\/wp-json\/wp\/v2\/pages\/276\/revisions\/286"}],"wp:attachment":[{"href":"https:\/\/protestants-ostwald.fr\/index.php\/wp-json\/wp\/v2\/media?parent=276"}],"curies":[{"name":"wp","href":"https:\/\/api.w.org\/{rel}","templated":true}]}}

<h2 class="wp-block-heading">Le protestantisme à Strasbourg-sud</h2>



<ul class="wp-block-list">
<li>Union des Églises protestantes d’Alsace et de Lorraine : <a href="http://uepal.fr" data-type="link" data-id="uepal.fr">uepal.fr</a></li>



<li>Paroisse protestante de Lingolsheim : <a href="https://www.protestantslingo.com/">protestantslingo.com</a></li>



<li>Paroisse protestante de l’Elsau (Facebook) : <a href="https://www.facebook.com/paroisseelsau/">facebook.com/paroisseelsau/</a></li>



<li>Conseil protestant de Strasbourg : <a href="https://www.protestants-strasbourg.fr/">protestants-strasbourg.fr</a></li>
</ul>



<h2 class="wp-block-heading">Ostwald</h2>



<ul class="wp-block-list">
<li>Mairie d’Ostwald : <a href="https://www.ville-ostwald.fr/">ville-ostwald.fr</a></li>



<li>Paroisse catholique d’Ostwald : <a href="https://www.eglise-ostwald-elsau-montagneverte.fr/" data-type="link" data-id="https://www.eglise-ostwald-elsau-montagneverte.fr/">eglise-ostwald-elsau-montagneverte.fr</a></li>
</ul>



<h2 class="wp-block-heading">Liens protestants</h2>



<ul class="wp-block-list">
<li>Fédération protestante de France : <a href="https://protestants.org">protestants.org</a></li>



<li>Église protestante unie de France : <a href="https://epudf.org/">epudf.org</a></li>



<li><em>Réforme</em>, hebdomadaire protestant d’actualité : <a href="https://www.reforme.net">reforme.net</a></li>



<li><em>Le Nouveau Messager</em>, magazine protestant régional : <a href="https://www.lenouveaumessager.fr/">lenouveaumessager.fr</a></li>



<li><em>Regards protestants</em>, webzine protestant : <a href="https://regardsprotestants.com/">regardsprotestants.com</a></li>



<li>Ligue chrétienne espérantiste internationale (KELI) : <a href="http://keli.chez.com/keli_fr.htm">keli.chez.com</a></li>



<li>DÉFAP, le service missionnaire des Églises protestantes françaises : <a href="https://www.defap.fr/">defap.fr</a></li>



<li>Centrale de littérature chrétienne francophone (CLCF) : <a href="https://servirparleslivres.com/">servirparleslivres.com</a></li>
</ul>

<p>Le protestantisme à Strasbourg-sud Ostwald Liens protestants</p>
